)) + 1?
1
Let k = 7 + 0. What is the units digit of k?
7
Suppose 2*h = 4*m + 36, 2*m = -5*h + 111 - 21. Let u = h - -3. What is the tens digit of u?
2
What is the units digit of (-5)/3*(-3)/1?
5
Let v(b) = -b + 0*b**2 - b**2 - b + 0*b**2 + 1. What is the units digit of v(-2)?
1
Suppose 83 = s - 50. What is the units digit of s?
3
Let d(h) = -h**3 - 7*h**2 - 5*h + 7. Let i be d(-6). Let b = 8 - i. Suppose -4*w - b = 13, 5*t + 4*w = 55. What is the tens digit of t?
1
What is the units digit of -1 + -3 - (-17 + -8)?
1
What is the tens digit of (-24)/9*18/(-4)?
1
Suppose 0 = -0*z - 3*z - 6. Let i be (z/2)/(2/6). What is the units digit of ((-6)/9)/(2/i)?
1
Let n(k) = -k**3 + k**2 + k + 2. Let r be n(2). Let w be r + (-3 - (-18)/(-3)). What is the tens digit of 45*(-2 - 21/w)?
1
Let i be (-6)/(-9)*-3 - -16. Let n be (-8)/28 + 88/i. What is the units digit of 1/(-3*(-2)/n)?
1
Suppose 5*g - 292 = -m + 4*m, 5*g - 299 = -4*m. Let r = -84 + g. Let b = 42 + r. What is the tens digit of b?
1
Suppose 0*u - 4*u + 4 = 0. What is the tens digit of u/(-3*(-2)/66)?
1
Let m(s) = 2*s + 8. Suppose -3*p + 28 = v, 5*p = 6*p - v - 8. What is the units digit of m(p)?
6
Let l(d) = -4 - d + 5*d - 2*d. What is the units digit of l(6)?
8
Let j be (-753)/33 - (-2)/(-11). Let a = j + 38. What is the units digit of a?
5
Suppose 0*t - 5*t = -5. What is the units digit of t?
1
Let o(f) = f**2 - 10*f - 9. Let q be o(11). Suppose 4*d = -q*a + 18, d - 2*a + 3*a = 3. What is the units digit of d?
6
Let j(s) be the first derivative of -3*s**2/2 - s + 1. What is the tens digit of j(-4)?
1
Let s = 0 + -3. Let v = s - -5. What is the units digit of v?
2
Let l(q) = q**2 + 4*q + 2. Let b be l(-4). Let y = -16 + 28. Suppose -y - 6 = -b*p. What is the units digit of p?
9
Let z = 38 + -18. Suppose 0 = -4*h + 2*h + z. What is the units digit of h?
0
Let l(v) be the second derivative of -v**5/20 + v**4/2 - 5*v**3/6 + 7*v**2/2 - 3*v. What is the units digit of l(5)?
7
Suppose 0 = -0*j - 2*j. Let x = 2 + j. Suppose 7 = c - x*c - 4*r, r = -3. What is the units digit of c?
5
Suppose -1 - 29 = 3*y. Let q be 0*(-2)/(-1 + 3). What is the tens digit of y*((1 - 2) + q)?
1
Let r = 4 - 1. Suppose 2*a + 2 = 0, -r*k = -k + a - 19. Suppose 4*i - k = -i. What is the units digit of i?
2
What is the tens digit of ((-258)/36)/(1/(-6))?
4
Let i be 1 + 60 + (-9 - -11). What is the units digit of i/4 + 1/4?
6
Let p be (-91)/(-6) + (-2)/12. Suppose 0 = -o + 20 + p. Suppose a = -4*a + o. What is the units digit of a?
7
Let b = 8 - 4. Suppose -12 = -b*j + 12. Suppose -4*r - j = -3*u + r, -3*u + 3*r = -12. What is the units digit of u?
7
Suppose u - 2*u = -57. What is the units digit of u?
7
Let b(u) = -u + 1. Let x be b(6). Let j(t) be the first derivative of -t**3/3 - 5*t**2/2 + 6*t - 1. What is the units digit of j(x)?
6
Let m = 46 + -73. What is the units digit of ((-34)/6)/(9/m)?
7
Let r be 3/(((-4)/(-2))/(-2)). Let a be 0*r/(-12)*-2. Suppose a = 4*n + u - 21, 2*n + 14 = 4*n + 4*u. What is the units digit of n?
5
Suppose 0 = -13*p + 2*p + 627. What is the tens digit of p?
5
Let m(r) = 2*r - 9. Let n be 8 + -1 + 2/(-2). Suppose -15 = 3*w, -2*w = -3*q + n + 34. What is the tens digit of m(q)?
1
Suppose -5*l + 4 = -11. Suppose 29 = 5*v + k + 3*k, -4*k = l*v - 11. Let o(m) = m**2 - 8*m - 5. What is the units digit of o(v)?
4
Let o = -95 - -188. What is the tens digit of o?
9
Let o(j) = -4*j - 2 + 3 + j**2 + 5. What is the units digit of o(4)?
6
What is the units digit of 1605/75 + 2/(-5)?
1
Let p(h) = h**2 - 7*h + 23. What is the units digit of p(11)?
7
Suppose -3*q + 1084 = -0*x + 4*x, 3*q + 2*x - 1082 = 0. What is the tens digit of q?
6
Let a = 622 - 395. What is the units digit of a?
7
Let c = 4 - -113. What is the hundreds digit of c?
1
Suppose 0 = -4*x + u + 127, -3*u - 3 + 84 = 2*x. Suppose r = 2*r - 5. Suppose x = 4*a + r. What is the units digit of a?
7
Let m(u) = -15*u - 9. What is the tens digit of m(-5)?
6
Let f(r) = 4*r**2 - 7*r - 7*r**2 - 2 + 0 + 4*r**2. Let h be f(8). What is the units digit of 2/(-6) + 116/h?
9
Let r = 6 - 7. What is the units digit of 4/(-2) - (r + -14)?
3
Suppose 7 = 3*r + 1. Let q be r + -2*(-12)/(-3). Let m(k) = -2*k - 8. What is the units digit of m(q)?
4
Let o be (2/6)/(3/(-9)). Let c = 6 + o. Suppose -c*z = 25, -3*d + 7 = 4*z - 3. What is the tens digit of d?
1
Let k be 9/(-2) + 2/4. Let y(p) = -p - 3. Let l be y(k). Let i = 2 - l. What is the units digit of i?
1
Suppose 4*w + o + o = 146, 0 = 5*o + 5. Let x = 15 + 9. Let y = w - x. What is the tens digit of y?
1
Suppose 2 = 3*h - 4*h. Let y = 2 - 3. Let q = y - h. What is the units digit of q?
1
Suppose 18 = 2*d - 22. What is the units digit of d?
0
Let x be -4 + 1 + 4858/14. Suppose 84 - x = -5*p. What is the units digit of p?
2
Let f(m) = m**2 + 10*m - 7. Let h(a) = 2*a**2 - a + 4. Let y be h(-5). Suppose 5*r - 4 + y = 0. What is the units digit of f(r)?
4
Let f be (-4)/(-6) - (-256)/12. Suppose 3*o - 2*o = j - 13, 4*j = -2*o + f. What is the units digit of j?
8
Suppose 0 = -7*g + 34 + 36. Let l(b) = -2*b + 2. Let s be l(-2). Let p = g - s. What is the units digit of p?
4
Let n = -3 - -9. Suppose -n*y = -11*y + 10. Suppose 0 = -y*t - v + 23, -v - 3*v = -5*t + 51. What is the units digit of t?
1
Suppose 4*b = 10*b - 816. What is the tens digit of b?
3
Let h(m) = -m**2 + 7*m. Let z be 5 - 2 - -1*1. What is the units digit of h(z)?
2
Let g(m) = 7*m**3 + m**2 - 3*m + 3. Let i(s) = 4*s**3 - 2*s + 2. Let j(o) = -3*g(o) + 5*i(o). Let l be j(-2). What is the units digit of l + (0 - -1*9)?
8
Let x(f) = -f**3 + 10*f**2 + f + 8. Let p be 2/(-3*2/(-30)). What is the units digit of x(p)?
8
Suppose -28 = -5*i - 2*b + 23, -i - 3*b + 18 = 0. Suppose 5*m + 30 = -0*g + 5*g, m + 16 = -4*g. Let j = m + i. What is the units digit of j?
1
Let f = -5 + 8. Suppose 0 = -c - 14 + f. Let x = c - -17. What is the units digit of x?
6
Let v(b) = b**2 + 3*b - 6. Let t be v(-5). Suppose -26 + 4 = -j. Suppose 14 + j = t*r. What is the units digit of r?
9
Let u(k) = 3*k**2 + 2*k + 1. Let w be u(-1). Suppose -j = -0 - w. What is the units digit of j?
2
Let j(k) = 344*k**3 - k**2 + k - 1. What is the units digit of j(1)?
3
What is the tens digit of (335*12/30)/2?
6
Let i = 65 - -1. What is the units digit of i?
6
Let z(p) = p. Let x be z(-2). Let j(t) = -t**3 - 5*t**2 - 2*t + 2. Let v be j(x). Let c = 9 + v. What is the units digit of c?
3
Let n(k) = 2*k + 4. Let d be n(6). Let c = d - 8. What is the units digit of c?
8
Let l = -45 - -105. What is the units digit of l?
0
Suppose 22*v + 288 = 26*v. What is the tens digit of v?
7
Let a(x) = x**2 + x + 1. Suppose -3*c = 5*n - 2 + 11, -3*c - 3*n = 3. What is the units digit of a(c)?
7
Suppose 5*l + n = 109, 2*l + 6*n = 2*n + 40. What is the tens digit of l?
2
Suppose 2*v = 2*s - 8 - 22, -5*v + 9 = 2*s. What is the units digit of (-38 - 0)/(s + -14)?
9
Suppose 2*l - 20 = 2*n - 4*n, 2*l - 4 = 2*n. What is the units digit of (-462)/(-18) + 2/l?
6
Let s(w) = -16*w - 2. Let o(z) = -8*z - 1. Let m(d) = -5*o(d) + 3*s(d). Suppose 0 = -3*t + r + r - 11, t + 4*r = 15. What is the units digit of m(t)?
7
Let k = -35 + 90. What is the tens digit of k?
5
Suppose 0 = l + 4*l - 310. What is the units digit of l?
2
Suppose 3*n - 3*q = -51, -5*n + n = 2*q + 92. What is the units digit of (1 - n) + (3 - 4)?
1
Let m be 9/3 + -3 + 0. Let g = m + 2. What is the units digit of 5/(15/24) + g?
0
Let y(p) be the second derivative of p**4/12 - p**3/3 + p**2 - 2*p. Let f = 59 + -57. What is the units digit of y(f)?
2
What is the units digit of 42 - (-18)/30*10/2?
5
Suppose 4*g = 4*t + 268, 0*g = 4*g + 3*t - 261. What is the tens digit of g?
6
Let o(t) = -t**2 + 9*t + 8. Let i be o(9). What is the tens digit of (-3)/((-18)/i)*12?
1
What is the tens digit of (4 + -3)/(2/130)?
6
Suppose 3*g = -2*o - 3*o + 70, 3*o = 4*g + 13. What is the units digit of o?
1
Suppose 0 = -2*w + 7 + 3. Suppose w*t - 15 = 2*t. Let u(z) = 2*z - 7. What is the units digit of u(t)?
3
Let u be 5/((-10)/(-8)) + -4. Suppose u = -5*m - 5*p + 250, -p - 58 = -m + 2*p. What is the tens digit of m?
5
Let o be 4 + (0/(-2))/(-3). Suppose o*t = t + 30. What is the tens digit of t?
1
Suppose 30 = 4*j - 18. Suppose f + f - j = -2*q, 0 = 5*q - 4*f - 48. What is the units digit